.
0
Let b(l) = l**3 - 9*l**2 + 8*l + 4. Let k(t) = -t - 4. Let r(u) = -3. Let z(a) = 5*k(a) - 6*r(a). Let g be z(-2). What is b(g)?
4
Let u(a) = a**3 - 2*a - 1. Let m = 256 - 258. Determine u(m).
-5
Let l(a) = 13*a - 19. Let n(k) = -24*k + 37. Let z(j) = -11*l(j) - 6*n(j). Calculate z(8).
-5
Suppose 21*x - 23*x + 10 = 0. Let t(w) = -w**2 + w + 3. What is t(x)?
-17
Let j(b) be the second derivative of b**5/20 - b**3/6 + 5*b**2/2 + 36*b + 4. Give j(0).
5
Let o(i) = i**2 + 49*i + 521. Let q be o(-34). Let k(v) = -v**3 + 9*v**2 + 20*v + 16. Determine k(q).
-6
Let y(z) = -5*z + 27. Let f(i) = i - 1. Let p(d) = 6*f(d) + y(d). Suppose -708*q - 38 + 11 = -705*q. Give p(q).
12
Let s(v) = v**3 - 8*v**2 + 8*v - 7. Let o be 1/(93/(-48) + 2). Suppose -a = 1 - 10. Let x = o - a. Determine s(x).
0
Let m(s) be the first derivative of -2*s**3/3 - 3*s**2/2 + 4*s - 115. Calculate m(-3).
-5
Let j(b) = -9*b**2 + b - 12*b + 3*b + 2 + 8*b - b. Determine j(-2).
-32
Let d(f) be the first derivative of 3*f**2/2 + 5*f + 925. Let l be -5 - (-2 + (3 - 1)). What is d(l)?
-10
Suppose 3*j - 7*j - 10 = 2*l, 0 = -2*l + 10. Let x(i) = -26*i**3 - 32*i**3 - 6*i**2 + 5 - 6*i + 57*i**3. Calculate x(j).
10
Let f be 0/(6/(-4)*-2). Let g(m) = -m**2 + f + 416*m - 414*m + 5. Calculate g(-4).
-19
Suppose 5*c + 4*z + 0*z - 12 = 0, 4*z - 4 = -3*c. Let k(m) = 3*m - 5. Determine k(c).
7
Suppose -5*x - 5 = j + 47, -3*j = 2*x + 13. Let v be x/3 + 12/(-9). Let q(a) = -a**3 - 6*a**2 - 3*a + 2. Calculate q(v).
-8
Let d be (-9 - 268/(-28)) + 88/(-7). Let i(a) = a + 7. Calculate i(d).
-5
Let k(c) = c**3 - 9*c**2 + 7*c + 7. Let l be k(8). Let h be 50/35 + 4/14*2. Let s(p) = -10 + 2 + 5 - 7*p + h. Give s(l).
6
Let w(k) = 2*k**3 - 8*k**2 + 11*k - 10. Let x(g) = 3*g**3 - 15*g**2 + 17*g - 18. Let n(r) = 5*w(r) - 3*x(r). Determine n(-4).
4
Let l = 10 + -5. Suppose l*v - 10 = -0*v. Suppose -q - 23 = 4*w - 0*q, v*w - 3*q = -1. Let t(s) = s + 1. Determine t(w).
-4
Let j be ((-70)/(-4))/(12/(-24)). Let u = j + 34. Let t(a) = a - 1. What is t(u)?
-2
Let q(s) = -1 - 55*s - 62*s + 41*s**2 + 115*s - 52*s**2. Calculate q(-1).
-10
Suppose -3*l = l + 24. Let g(v) be the second derivative of -v**5/20 - 7*v**4/12 - v**3 + 3*v**2/2 + 50*v. Calculate g(l).
3
Let x(g) = -24*g**2 - 2*g**3 - 3*g - 7 + 21*g**2 - 8*g**2 + g**3. Calculate x(-11).
26
Let q(p) = p**3 + 2*p**2 + p + 5. Suppose 0 = 52*z - 44*z. Determine q(z).
5
Let x(v) = 190 - v + 5*v - 191 + 3*v. Let w be (-2)/13 - 15/(-13). Calculate x(w).
6
Let l(h) = 4*h**3 + 2*h**2 - 4*h - 1. Let g(k) = -3*k**3 - 3*k**2 + 3*k. Let o(n) = -5*g(n) - 4*l(n). Give o(7).
11
Let o(y) = 7*y. Suppose r + 2*v = -2*v + 23, -4*r + 4*v - 8 = 0. Let m = -48 + 56. Suppose -r*n - m = -0*n + 5*z, -z = -n. Determine o(n).
-7
Let r = 4 - 6. Let z be 3/(3/2) - r. Let a(h) = -h**3 + 10*h - h**3 + 3*h**3 + 7*h**2 - 4*h - z. Determine a(-6).
-4
Let a(w) = -10 - 7 - 3 + 22 + 25*w + 1. What is a(-2)?
-47
Let a(y) = y**2 - 17*y + 10. Suppose -3*p = 4*f - 67, -9*p + 2*f = -5*p - 60. Determine a(p).
10
Let a(w) = 14*w**3 - 2*w + 2. Suppose 136*h - 94*h = 42. Calculate a(h).
14
Let v be (4/24)/((-1)/(-12)). Let h(q) = 0*q**v + 10*q**3 - 2*q**3 - 1 - q - 3*q**2 + 4*q**2. Calculate h(-1).
-7
Let a(b) be the third derivative of 0 + 5/3*b**3 + 0*b + 3/8*b**4 + 1/120*b**6 + 28*b**2 + 2/15*b**5. Determine a(-7).
-4
Let t(b) = 4*b**3 + 0*b**3 - 2*b**3 + 0*b**3 + 2. Determine t(2).
18
Let g(t) = t + 3. Suppose -5*b + 3*h = -195, 5*h + 93 = 4*b - 50. Suppose 12*j = -b - 18. Determine g(j).
-2
Let p(c) = -30*c - 232. Let y be p(-8). Let h(b) = b**3 - 9*b**2 + 9*b - 1. What is h(y)?
7
Let k(d) = d - 15. Let u be k(19). Let b(m) = 13*m**2 - 17*m + 7. Let h(z) = 6*z**2 - 8*z + 3. Let i(r) = -3*b(r) + 7*h(r). Give i(u).
28
Let a be (-3)/(-3)*135/3. Let c be (-174)/a - (-2)/(-15). Let l(p) = -7 - p**2 - 4*p + 3 - 2. Give l(c).
-6
Let d be (5/2 - -1)*2. Let c(v) = 486*v - 978*v - 8*v**2 + v**3 + 498*v. Determine c(d).
-7
Let l = 50 + -47. Suppose -2*g - x + 3 = -7*g, -l = -x. Let p(a) = a**2 - a - 5. Let w(k) = 1. Let v(b) = p(b) + 3*w(b). Determine v(g).
-2
Let a(d) be the first derivative of -d**3/3 + 2*d**2 + 11*d + 106. Calculate a(8).
-21
Let v(y) be the third derivative of -y**5/60 + y**4/12 - 36*y**2. Let a(r) = 3*r**2 - 7*r + 1. Let d(j) = 6*a(j) + 17*v(j). Give d(6).
-6
Let k be 114/18 - (-3)/(-9). Let a(l) = l**2 + 10*l + 8. Let q be a(-7). Let b be k/33 - q/(-11). Let c(x) = 10*x**3 + x**2 + 2*x + 1. What is c(b)?
-10
Let l = -5 + 12. Let f be 6*(-3 - 28/(-8)). Let y(q) = q + 14*q**2 - 7*q**2 + 8*q**f - 9*q**3. Give y(l).
7
Suppose 7*m - 8*m + 4 = 0. Suppose 41 = 5*q - 0*h + m*h, 31 = 4*q + 5*h. Let u(b) = -b + 13. Calculate u(q).
4
Suppose 1 = h + 2, 0 = -4*a + 5*h - 3. Let t(p) = 3*p**3 + 3*p**2 + 4*p + 3. What is t(a)?
-17
Let t be (6 + -12)/(-18)*-9. Let g(c) = c**3 + 4*c**2 + 3*c. Give g(t).
0
Let x(i) be the third derivative of i**5/15 - i**4/24 + i**3/3 - 11*i**2 - 45. Calculate x(3).
35
Suppose 5*n + f = -2*f + 7, -f - 1 = 5*n. Let w(g) be the first derivative of -2*g**2 - 4517. Give w(n).
4
Let d(h) = -2*h - 9. Let q be (10 - 28)*1/3. Give d(q).
3
Let a(p) = 3*p + 3. Let h(m) = m + 1. Let o(n) = -2*a(n) + 9*h(n). Let g = -16 - -13. What is o(g)?
-6
Suppose 0 = l + 3 - 6. Let o(p) = -l*p + p + 2 + p. Give o(6).
-4
Let d = 1712 + -1718. Let o(i) = -3*i - 10. Determine o(d).
8
Let j(f) = -5*f**3 + 3925*f - 3939*f - 8 - 14*f**2 + 4*f**3. Calculate j(-13).
5
Let z(f) = 0 - 3 - f**2 - 2 + 3 + 4*f. Suppose b + 15 = 3*w, -4*w + 3*b + 0 = -25. Suppose w*d + d = 20. What is z(d)?
-2
Let b be 14/(-9)*-3 + 1/3. Let n(d) = -d - b - 3 + 11. Calculate n(-4).
7
Let t(z) = 6*z**2 - 12*z - 6. Let b(l) = -4*l**2 + 9*l + 5. Let d(j) = 4*b(j) + 3*t(j). Calculate d(0).
2
Let u be (5/1)/(5 - 6). Let f(p) = p**3 + 3*p**2 - 9*p - 2. Determine f(u).
-7
Let y be (-40)/6 - (-2)/(-6). Let i(q) = -3*q**3 - 4*q**2 + 5. Let h(f) = 5*f**3 + 5*f**2 - 2*f - 11. Let u(s) = 4*h(s) + 7*i(s). Calculate u(y).
-2
Let z(h) be the third derivative of h**5/120 - 5*h**4/24 - 11*h**3/6 - 2*h**2 + 6. Let j(c) be the first derivative of z(c). Determine j(0).
-5
Suppose t - 13 = -5*p, 3*p - 25 = -3*t - 10. Let l(v) be the third derivative of -v**4/6 - 2*v**3/3 - v**2. Determine l(t).
-16
Let l(t) = 10*t. Let y(s) = -6*s. Let i(d) = 4*l(d) + 9*y(d). Determine i(-2).
28
Suppose 2*i - 3 = 5*l, -3*i - 3*l + 7*l = -15. Let x(d) be the second derivative of d**5/20 - 3*d**4/4 + d**2 - d. Determine x(i).
2
Let r(n) = -4*n - 7 + 2 + 6*n. Suppose -22 = -21*o + 83. Give r(o).
5
Let y = 354 - 354. Let m(c) be the third derivative of 7*c**2 + 1/120*c**6 + y + 1/12*c**5 - 1/2*c**3 - 1/8*c**4 + 0*c. Determine m(-5).
12
Let w(a) = -a**3 + 7*a**2 - 2*a + 13. Let k be (-37)/(-5) + (-5)/25*2. Let b be w(k). Let p(h) = -4*h**3 + 2*h + 1. What is p(b)?
3
Let k(c) be the third derivative of c**6/120 - 7*c**5/60 + c**4/4 + 4*c**3/3 + 2*c**2 + 26. Give k(6).
8
Let c(k) = -2*k**2 - 10*k + 10. Let w be c(1). Let d(j) = -5*j - 3. What is d(w)?
7
Let x(z) = 0*z + 6*z + 9*z - 3 - z**2 - 5*z. Give x(9).
6
Let m be (2*-1)/(13 - (-335)/(-25)). Let a(r) = -r**2 + 4*r - 3. Give a(m).
-8
Let c(f) = 9*f + 6*f - 14*f - 21 + 9. Give c(5).
-7
Suppose -4*l - 2 = -10. Let a(w) = 3*w**3 + 2*w**2 + w. Let f(y) = -5*y**3 - 5*y**2 - 4*y - 1. Let x(o) = 2*a(o) + f(o). What is x(l)?
-1
Let h(y) = -4*y**2 - 11*y - 13. Let g(j) = 5*j**2 + 12*j + 14. Let k(m) = -3*g(m) - 4*h(m). Suppose 10*a + 60 + 20 = 0. Give k(a).
10
Let c(j) = 4*j**2 - 22*j - 2*j**2 + 0*j**2 - j**2 + 9 + 4*j. Determine c(17).
-8
Suppose -8 = 4*y + 5*p, 6*y = 2*y + 3*p + 24. Let b(t) = -22*t**2 - t + 3. Let v(x) = 23*x**2 + x - 4. Let a(w) = y*v(w) + 4*b(w). Calculate a(1).
-20
Let x be 2/(-12)*4 + (-8)/(-3). Let w(b) = -b**3 + 5*b**2 - 5*b + 1. Calculate w(x).
3
Suppose 0 = -f - 1, 0 = -3*q - 2*q + 4*f - 21. Let i(y) = -y**2 - 5*y + 41 + 38 - 85. Give i(q).
-6
Let i(f) = -5*f**3 + f**2 + 10*f - 1. Let l(q) = 4*q**3 - 2*q**2 - 9*q + 1. Let m(j) = 5*i(j) + 6*l(j). What is m(-6)?
-11
Let i(s) = -s**2 + 2*s + 3. Let t(f) = f**2 - 32*f - 30. Let n be t(33). Calculate i(n).
0
Let l(j) = j**3 - 5*j**2 + j - 2. Suppose 2*s + y + 3 = 0, 4*s - 6 + 19 = 5*y. Let i be ((-5)/3 + 1)/(s/15). What is l(i)?
3
Let i(p) = -p**3 + 4*p**